{"id":10986,"date":"2026-01-22T11:39:29","date_gmt":"2026-01-22T10:39:29","guid":{"rendered":"https:\/\/commandes.campingcar-infos.com\/?post_type=product&#038;p=10986"},"modified":"2026-01-22T11:40:28","modified_gmt":"2026-01-22T10:40:28","slug":"cle-usb-campingcar-infos-janvier-2026-envoi-postal","status":"publish","type":"product","link":"https:\/\/commandes.campingcar-infos.com\/index.php\/product\/cle-usb-campingcar-infos-janvier-2026-envoi-postal\/","title":{"rendered":"Cl\u00e9 USB Campingcar-infos Janvier 2026 Envoi postal"},"content":{"rendered":"","protected":false},"excerpt":{"rendered":"<p><span style=\"font-family: Arial, Helvetica, sans-serif; font-size: medium;\">La Cl\u00e9 contient la totalit\u00e9 des <b>fiches des aires<\/b> <u>pour la France, <b>mais aussi pour les 42 pays r\u00e9f\u00e9renc\u00e9s sur notre site Internet<\/b><\/u><br \/>\navec toutes les photos et les commentaires<span style=\"color: red;\"><br \/>\n<\/span><\/span><\/p>\n","protected":false},"featured_media":76,"template":"","meta":[],"product_brand":[],"product_cat":[18],"product_tag":[],"class_list":{"0":"post-10986","1":"product","2":"type-product","3":"status-publish","4":"has-post-thumbnail","6":"product_cat-cle-usb-telechargements","8":"first","9":"instock","10":"sold-individually","11":"shipping-taxable","12":"purchasable","13":"product-type-simple"},"_links":{"self":[{"href":"https:\/\/commandes.campingcar-infos.com\/index.php\/wp-json\/wp\/v2\/product\/10986","targetHints":{"allow":["GET"]}}],"collection":[{"href":"https:\/\/commandes.campingcar-infos.com\/index.php\/wp-json\/wp\/v2\/product"}],"about":[{"href":"https:\/\/commandes.campingcar-infos.com\/index.php\/wp-json\/wp\/v2\/types\/product"}],"wp:featuredmedia":[{"embeddable":true,"href":"https:\/\/commandes.campingcar-infos.com\/index.php\/wp-json\/wp\/v2\/media\/76"}],"wp:attachment":[{"href":"https:\/\/commandes.campingcar-infos.com\/index.php\/wp-json\/wp\/v2\/media?parent=10986"}],"wp:term":[{"taxonomy":"product_brand","embeddable":true,"href":"https:\/\/commandes.campingcar-infos.com\/index.php\/wp-json\/wp\/v2\/product_brand?post=10986"},{"taxonomy":"product_cat","embeddable":true,"href":"https:\/\/commandes.campingcar-infos.com\/index.php\/wp-json\/wp\/v2\/product_cat?post=10986"},{"taxonomy":"product_tag","embeddable":true,"href":"https:\/\/commandes.campingcar-infos.com\/index.php\/wp-json\/wp\/v2\/product_tag?post=10986"}],"curies":[{"name":"wp","href":"https:\/\/api.w.org\/{rel}","templated":true}]}}